(-7). Let u = o + 137. Is u composite?
True
Let w = -234 + 679. Is w prime?
False
Let i(l) = -6*l**3 - 18*l**2 - 6*l - 7. Is i(-6) a composite number?
False
Let p(o) = 41*o + 1. Is p(6) prime?
False
Suppose 9 = -2*s + 3. Is (s + 1)*53/(-2) a prime number?
True
Let w be (-4)/(-14) - (-4112)/14. Suppose 6*z - w = -2*i + z, -z + 467 = 3*i. Is i composite?
False
Let t be (2 - 0/2) + -11. Let a be -8 + (-3)/(t/(-6)). Is (-183)/(-5) + a/(-25) prime?
True
Let x(y) = -y**3 + 11*y**2 - 8*y + 5. Is x(9) composite?
True
Let p(q) = q - 3. Let r be p(-6). Let v = r + 152. Is v a composite number?
True
Suppose -26 + 125 = 3*n. Is n composite?
True
Suppose 0*s - 2*q - 87 = -5*s, 0 = s - 4*q - 3. Is s prime?
True
Let m(w) = -2*w**2 + 10*w + 6. Suppose 8 = -u + 2*u. Let g be m(u). Let s = -7 - g. Is s a prime number?
False
Suppose 306 = -x - z, -x + 3*z - 201 = 105. Let u(r) = r - 1. Let b be u(3). Is b/4 - x/4 a prime number?
False
Suppose -3*z + 7*z - y = 312, -2*z + 138 = 4*y. Is z a prime number?
False
Suppose 602 = 3*n - 4*d, -2*n + 265 + 133 = -2*d. Is n prime?
False
Let l(f) = -10*f**3 + 2*f**2 + f + 1. Let b be l(-3). Suppose -g + 4*v + 283 = 0, 5*v - 24 - b = -g. Is g a prime number?
False
Let b be 20*(-5)/(75/(-6)). Is 2*94*4/b composite?
True
Suppose -4*w + 8 = -2*w. Suppose v = -v + w. Suppose 5*f + 5*k - 40 = 0, -5*k = -0*f - v*f + 2. Is f prime?
False
Let d(w) = w**3 + 5*w**2 - 6*w. Let j be d(-6). Suppose -3*v = -5*q - 1157, 2*v + j*v + 5*q = 738. Is v composite?
False
Suppose 2*y = u - 169, -2*u = -0*u - 3*y - 342. Is u prime?
False
Let g(j) = 2*j**2 - 2*j + 4. Let n(q) = -8*q**2 + 9*q - 17. Let t(v) = 9*g(v) + 2*n(v). Is t(4) composite?
True
Let v(m) = 59*m + 2. Let k be v(8). Let w = k - 329. Is w a prime number?
False
Let d be (-26)/(-6) - (-5)/(-15). Is (446/(-2))/(d/(-4)) a composite number?
False
Let u(d) = -d**2 - 4*d. Let c be u(-2). Suppose 13 = q + c. Is q a composite number?
True
Let g = 1 - -1. Suppose 3*n + 160 = -5*p + g*n, 3*p = -5*n - 118. Let d = p - -44. Is d prime?
True
Let f be -2259*(2/(-3))/1. Let t be 2/((-4)/f*-3). Let c = t + -138. Is c a composite number?
False
Let z = -5 + 9. Suppose h - 93 = v + 7, z*v = -4*h + 360. Suppose h = 2*n + 3*n. Is n composite?
False
Let s be (267/(-3) + -2)/(-1). Let k be s - (-2 - -1*2). Suppose -53 = -3*j - 4*p, -4*j = j + 4*p - k. Is j composite?
False
Let d(i) = i**3 - 10*i**2 + 4. Let q be d(10). Suppose 2*l + 2 = -q*n, 1 = -n - 1. Suppose -41 = -l*h + 4*f, 0*h + f - 31 = -2*h. Is h prime?
False
Let v(l) be the first derivative of l**4/4 - 5*l**3/3 - 4*l**2 + 5*l + 2. Is v(7) composite?
False
Suppose -4*a = -h + 22, 4*h - 4*a - 88 = -0*h. Suppose h = 7*t - 6*t. Is t composite?
True
Let z(f) = -f**3 - 11*f**2 + 13*f + 6. Let j be z(-12). Let n = 10 + j. Suppose 2*v + w = 14, 2*w + 10 + n = 2*v. Is v prime?
True
Suppose 2*s - 3820 - 160 = -2*x, -5*s = -x + 1972. Is x a prime number?
True
Let d = 0 + 0. Is 105 - (-2 - (d - 4)) a prime number?
True
Let u be (-96)/(-9) + 2/(-3). Suppose -u = l - 3*l. Suppose 0 = -2*b + 6*b - l*m - 115, -4*b + 150 = 2*m. Is b composite?
True
Let k(v) = 56*v - 3. Suppose -3*u = -0*u - 6. Is k(u) a prime number?
True
Let u(q) be the third derivative of -q**4/24 + 59*q**3/6 - q**2. Is u(0) a composite number?
False
Let n(g) = g**2 - 2*g + 20. Suppose 2*k = -0*k - 18. Is n(k) composite?
True
Is ((-178)/(-3))/(6/99) prime?
False
Suppose -6 = -c + 2*c. Let t(g) = 6 - 19*g - 1 + 2. Is t(c) a composite number?
True
Suppose 2*h + 2*h - 3*f - 17 = 0, 4*f = 4. Suppose 0 = -a + h*a - r - 228, -5*a + 310 = 5*r. Is a a composite number?
True
Let w(z) = -19*z - 2. Let n(a) = a**2 - 6*a - 4. Let k be n(6). Let p(f) = 18*f + 2. Let d(x) = k*w(x) - 5*p(x). Is d(-2) composite?
True
Suppose -v + r = 2*v, -v - r = 4. Is v/((-4)/1156) + -2 a composite number?
True
Let x = 13 + -8. Suppose -x*g - 2*l = 62, 2*l - 7*l = -4*g - 43. Let c = 1 - g. Is c prime?
True
Let u(j) = 10*j + 35. Is u(11) prime?
False
Suppose -4*s - 197 + 2761 = 0. Is s a prime number?
True
Suppose 0 = -p - 4*u + 280 - 77, -420 = -2*p - u. Is p prime?
True
Let f(b) = -2*b + 6. Let d be f(5). Let p be (-440)/d - (1 + 1). Suppose 4*h + 4*q = p, -17 = h - 2*h + q. Is h composite?
True
Is 71*7 + 1 + 1 composite?
False
Suppose -2*d - 2 = -4*o, 0 = 2*o + d - 5*d + 14. Let u be ((-6)/1)/(o - 5). Suppose -2*p = -u*x - 95, 109 = 2*p + 2*x - 11. Is p a composite number?
True
Suppose 4 = c + 2. Suppose -2*j + 264 = -c*u, 20 = -u - 3*u. Is j a composite number?
False
Suppose 11*v - 10*v - 37 = 0. Let o = 78 - 38. Suppose -o = -y + v. Is y a composite number?
True
Let j(k) be the first derivative of 1/3*k**3 + 1 - k + 0*k**2. Is j(6) a prime number?
False
Let m = -28 - -30. Suppose -2*s - 99 = -m*j + s, 0 = -2*j - 3*s + 105. Is j a prime number?
False
Suppose -5*y + 3498 + 167 = 0. Is y prime?
True
Suppose 4*g = 9*g - 39985. Is g prime?
False
Let x be (-4)/18 - (-8645)/63. Suppose 4*v - x = -n, 0*v + 2*v - 46 = 4*n. Is v composite?
True
Suppose 0 = 4*x + x - 845. Is x a prime number?
False
Let c be (10/6)/(4/(-60)). Is (-6 - c) + 0/(-2) a prime number?
True
Let k(u) = u**2 - 2*u + 1. Let l be k(4). Suppose 17 = v - l. Is v a prime number?
False
Suppose 0 = -3*j - j - 640. Let v = j + 270. Suppose 2*a - 44 - v = 0. Is a a prime number?
False
Let l(o) = 2*o - 6. Let j(g) = -g + 8. Let r be j(4). Let s be l(r). Suppose s*c - 9 = 69. Is c a prime number?
False
Let k(y) = -2*y**2 + 1. Let i be (1 - 3)*(-6)/(-12). Let f be k(i). Let a = 92 + f. Is a prime?
False
Suppose s - 4*s + 873 = 0. Is s a composite number?
True
Let d(y) = y**2 - y + 6. Let u be d(-5). Let f be ((-98)/6)/((-3)/u). Suppose -216 = -4*p + 2*s - s, -4*p - 4*s = -f. Is p prime?
True
Let k be (3 - (-6)/(-2))/3. Let h = -3 + 1. Is 79 + k/(h + 1) prime?
True
Suppose 5*n - 744 = -109. Is n composite?
False
Suppose 2*l - 555 - 1679 = 0. Is l a prime number?
True
Let w = 0 - -3. Let i be 36/(-3)*w/(-9). Suppose t - 227 = -3*z - 4*t, i*z = -2*t + 284. Is z a prime number?
False
Suppose -8*v + 4*v = -1268. Is v a prime number?
True
Suppose -3*q - l + 2 = -0*q, -2*q + 16 = -3*l. Suppose -n + 69 = q*n. Suppose 56 = -0*x + 4*x - 2*h, -x + n = -5*h. Is x composite?
False
Let b(k) = -k**3 - k**2 + 1. Let r be b(-2). Suppose -725 = -5*n - r*m, -3*m = -m. Is n composite?
True
Let y = -6 + 11. Suppose -y*f + f = -88. Is f composite?
True
Suppose -7*l = -2*l - 2255. Is l a prime number?
False
Let s = -5 - -10. Suppose -2*t = -2*a + 760, t - s*a + 1138 = -2*t. Let f = t - -598. Is f a prime number?
False
Let t(v) = -v + 13. Let x be t(0). Let a = 27 - x. Suppose -5*r + 16 + a = 0. Is r prime?
False
Let v = -211 - -378. Is v a prime number?
True
Let u = 433 + -272. Is u a prime number?
False
Suppose -3*a = -2*a + 1. Is 4 + -167*3*a a prime number?
False
Suppose 0 = -14*f + 15*f - 685. Is f composite?
True
Let c(w) = -2*w**3 - 4*w**2 - 1. Let l be c(6). Let k = -366 - l. Is k composite?
False
Suppose -3*s = 4*n + 3480, -5*n = -0*n + 2*s + 4350. Is n/(-25) - 2/(-10) composite?
True
Let w = 26 - 7. Is w prime?
True
Suppose s + 3 = 2*s. Let x be 1*s*10/15. Is 2 - x - (1 - 112) prime?
False
Let l = 6 - 3. Suppose -l*c = -74 - 91. Is c a prime number?
False
Let h = 116 + -61. Let p be (-1 + 3)/(5/5). Suppose f - p*f = -h. Is f composite?
True
Suppose -5*o - 20 = -5*c, -6*c = -2*c + 4*o + 16. Suppose c = -2*i + i. Suppose 5*g - 2*s - 99 = 0, i = 3*g - s - 3*s - 51. Is g prime?
False
Suppose 0 = w + 7 - 53. Suppose w = 2*x - 96. Is x a prime number?
True
Is 610/8 + 3/4 a prime number?
False
Suppose -u + 3*y = -323, -3*y - 1006 - 657 = -5*u. Is u composite?
True
Suppose -o = -4*x + 934, -282 = -4*x - o + 648. Is x a composite number?
False
Let h be (-6)/(-14) - 32/(-7). Is (-6)/10 - (-168)/h a prime number?
False
Suppose -2*i + 714 = -224. Is i composite?
True
Let b(t) = -3*t**2 - 3. Let r(z) = 16*z**2 - z + 14. Let i(u) = -11*b(u) - 2*r(u). Is i(6) composite?
False
Suppose 5*a = -4*p + 375, 2*a + 479 = 5*p - 2*a. Suppose -3*y + p = g + 22, 15 = y - 2*g. Is y a composite number?
False
Suppose -12 = 4*j, 2*r = j + 934 + 1867. Is r a prime number?
True
Let b = -7297 + 12216. Is b prime?
True
Let f be (-54)/(-24) + 2/(-8). Suppose 122 = 3*c + 5*q, 0 = -5*c + f*q - 5*q + 230. Is c composi